e millions digit of 90138903?
0
What is the millions digit of 28677776?
8
What is the ten millions digit of 1266755822?
6
What is the units digit of 110549730?
0
What is the tens digit of 6398799947?
4
What is the millions digit of 939282481?
9
What is the hundred thousands digit of 155249515?
2
What is the ten thousands digit of 63569105?
6
What is the hundreds digit of 395583460?
4
What is the hundred thousands digit of 564994221?
9
What is the tens digit of 4737124316?
1
What is the units digit of 159248760?
0
What is the hundred millions digit of 1368743848?
3
What is the hundred millions digit of 192740170?
1
What is the hundred thousands digit of 44576475?
5
What is the thousands digit of 202152934?
2
What is the ten millions digit of 1413002677?
1
What is the millions digit of 92390880?
2
What is the hundred thousands digit of 68726611?
7
What is the hundreds digit of 60725803?
8
What is the ten millions digit of 72321389?
7
What is the millions digit of 509229370?
9
What is the thousands digit of 1245079646?
9
What is the millions digit of 101865978?
1
What is the hundred thousands digit of 3637694117?
6
What is the hundred millions digit of 2400750449?
4
What is the units digit of 2321055535?
5
What is the thousands digit of 353326226?
6
What is the ten thousands digit of 2943234564?
3
What is the ten millions digit of 132718731?
3
What is the thousands digit of 356824555?
4
What is the ten millions digit of 481103426?
8
What is the billions digit of 2968806386?
2
What is the units digit of 6726031?
1
What is the thousands digit of 59972179?
2
What is the hundred millions digit of 177479617?
1
What is the hundred thousands digit of 150380978?
3
What is the thousands digit of 351848877?
8
What is the tens digit of 282491498?
9
What is the thousands digit of 11066505?
6
What is the ten thousands digit of 3869287099?
8
What is the hundreds digit of 9427352?
3
What is the millions digit of 7135507728?
5
What is the millions digit of 668391550?
8
What is the millions digit of 2254120060?
4
What is the thousands digit of 45904511?
4
What is the ten thousands digit of 9729454?
2
What is the hundred thousands digit of 7791174776?
1
What is the units digit of 83594222?
2
What is the ten thousands digit of 48504439?
0
What is the ten millions digit of 5468117142?
6
What is the units digit of 529497611?
1
What is the hundred thousands digit of 923778201?
7
What is the hundreds digit of 57085455?
4
What is the hundred millions digit of 1590527131?
5
What is the ten thousands digit of 68461068?
6
What is the ten millions digit of 47589234?
4
What is the units digit of 2487693964?
4
What is the thousands digit of 3168090021?
0
What is the millions digit of 11564056?
1
What is the units digit of 118875949?
9
What is the hundred thousands digit of 342177447?
1
What is the units digit of 1816176869?
9
What is the tens digit of 192485625?
2
What is the hundred thousands digit of 549960291?
9
What is the hundreds digit of 6777517?
5
What is the hundred thousands digit of 125283425?
2
What is the tens digit of 47928267?
6
What is the ten millions digit of 777792333?
7
What is the hundred millions digit of 186263868?
1
What is the ten thousands digit of 45744210?
4
What is the hundred thousands digit of 392705940?
7
What is the ten millions digit of 475850292?
7
What is the millions digit of 31586900?
1
What is the hundred millions digit of 2010077587?
0
What is the tens digit of 83756883?
8
What is the hundred thousands digit of 4103593288?
5
What is the ten thousands digit of 1658082748?
8
What is the ten thousands digit of 86114029?
1
What is the hundreds digit of 1823462230?
2
What is the thousands digit of 5999900374?
0
What is the thousands digit of 624488339?
8
What is the tens digit of 41082572?
7
What is the ten millions digit of 37712098?
3
What is the millions digit of 343966089?
3
What is the hundred millions digit of 586018366?
5
What is the hundreds digit of 490837454?
4
What is the tens digit of 1109493728?
2
What is the ten thousands digit of 2041701?
4
What is the millions digit of 295889390?
5
What is the millions digit of 4603441365?
3
What is the tens digit of 3769651343?
4
What is the units digit of 392424614?
4
What is the units digit of 612194030?
0
What is the ten millions digit of 1410024420?
1
What is the millions digit of 39387896?
9
What is the millions digit of 145618676?
5
What is the ten thousands digit of 591045872?
4
What is the millions digit of 202797036?
2
What is the ten millions digit of 2903146253?
0
What is the hundred thousands digit of 999156864?
1
What is the ten millions digit of 172339645?
7
What is the ten thousands digit of 823278134?
7
What is the hundreds digit of 232063317?
3
What is the billions digit of 2122438683?
2
What is the units digit of 14152336?
6
What is the millions digit of 3426332235?
6
What is the millions digit of 535529861?
5
What is the units digit of 2506776375?
5
What is the millions digit of 7034207466?
4
What is the ten millions digit of 1956226351?
5
What is the millions digit of 3177364020?
7
What is the thousands digit of 49394201?
4
What is the hundred thousands digit of 980389367?
3
What is the units digit of 36387638?
8
What is the hundred thousands digit of 125749658?
7
What is the thousands digit of 1079781588?
1
What is the tens digit of 930841464?
6
What is the tens digit of 1111142830?
3
What is the hundreds digit of 176059262?
2
What is the tens digit of 111389792?
9
What is the units digit of 509099906?
6
What is the hundred millions digit of 2291484149?
2
What is the ten millions digit of 268297307?
6
What is the ten thousands digit of 313961214?
6
What is the hundreds digit of 213213531?
5
What is the hundred thousands digit of 117734327?
7
What is the hundred millions digit of 278835752?
2
What is the ten millions digit of 3836091413?
3
What is the thousands digit of 6225397?
5
What is the units digit of 6760159?
9
What is the units digit of 7829363?
3
What is the thousands digit of 969605849?
5
What is the hundreds digit of 53088130?
1
What is the tens digit of 1637268470?
7
What is the ten millions digit of 17786491?
1
What is the ten thousands digit of 3101006464?
0
What is the units digit of 389284930?
0
What is the tens digit of 19835?
3
What is the tens digit of 3898272418?
1
What is the hundreds digit of 1420265726?
7
What is the millions digit of 7360097440?
0
What is the hundreds digit of 289479060?
0
What is the hundred millions digit of 401930179?
4
What is the ten millions digit of 86811975?
8
What is the tens digit of 1406342862?
6
What is the units digit of 43218747?
7
What is the hundreds digit of 48762827?
8
What is the hundreds digit of 5020025?
0
What is the hundred thousands digit of 762113996?
1
What is the tens digit of 318746995?
9
What is the hundreds digit of 60736849?
8
What is the billions digit of 5556350970?
5
What is the ten millions digit of 190884767?
9
What is the ten thousands digit of 323645130?
4
What is the ten thousands digit of 246143188?
4
What is the hundreds digit of 47838103?
1
What is the tens digit of 518808069?
6
What is the units digit of 1002386622?
2
What is the ten thousands digit of 679633310?
3
What is the tens digit of 1492640418?
1
What is the hundred millions digit of 228622069?
2
What is the tens digit of 874719?
1
What is the ten thousands digit of 1083873946?
7
What is the millions digit of 7435214?
7
What is the ten millions digit of 3914155048?
1
What is the hundreds digit of 69007790?
7
What is the thousands digit of 92509668?
9
What is the tens digit of 1358585136?
3
What is the hundred millions digit of 947356850?
9
What is the hundred thousands digit of 114307256?
3
What is the thousands digit of 983864901?
4
What is the tens digit of 897781820?
2
What is the units digit of 4097973089?
9
What is the tens digit of 2777174129?
2
What is the hundreds digit of 98545634?
6
What is the ten millions digit of 362277705?
6
What is the millions digit of 784995758?
4
What is the units digit of 19760101?
1
What is the units digit of 944626292?
2
What is the ten millions digit of 53102019?
5
What is the hundred millions digit of 5926795066?
9
What is the tens digit of 81983383?
8
What is the billions digit of 27382